-5*z + 32. Suppose 2*a = 0, -4*h - z*a + 548 = 60. What are the prime factors of h?
2, 61
Let j be 1 - 1/(-2) - (-36)/24. Suppose 2*l + j*o = 12, -2*l - 8*o + 12*o = -40. What are the prime factors of l?
2, 3
Let s(j) = -16*j - 11. Let w = -61 + 59. Let v be (1 + 0)*w - (0 - -1). What are the prime factors of s(v)?
37
Let g be 2 + -3 + 20/4. Suppose -g*w - 2*y + 3740 = -0*w, -3*w + 5*y = -2818. List the prime factors of w.
2, 3, 13
Let k(d) = d**2 - 10*d + 20. Suppose 0 = 2*l - 3*l - 4, 0 = 4*t - 4*l + 24. List the prime factors of k(t).
2, 5, 11
Let h = -43340 + 75987. List the prime factors of h.
32647
Suppose 2*f - 62 = 4*c, 0 = f - 4*f - c + 79. Suppose -9*l + 48888 = f*l. What are the prime factors of l?
2, 7, 97
Let i(r) = r**3 + 12*r**2 + 6*r - 125. List the prime factors of i(7).
2, 53
Let k = 49667 + -3627. What are the prime factors of k?
2, 5, 1151
What are the prime factors of (15/(-10))/(358155/(-119376) + 3)?
2, 829
Let o = 144 + 9. Let a be -81 - ((-4 - 10) + 11). Let n = a + o. List the prime factors of n.
3, 5
Suppose 3*o = -6, -4*x + 2*o + 3*o + 14 = 0. Let v be 35/5*x + 2. Suppose 3*g + v - 276 = 0. What are the prime factors of g?
89
Let l be (-10)/(-5) + -104 + -1. Let y = -1212 + 1036. Let c = l - y. List the prime factors of c.
73
Let u(v) = 45*v + 603. Let p be u(0). Suppose f - 4*j = 627, -4*f + 3*f + p = 4*j. What are the prime factors of f?
3, 5, 41
Suppose -2*c + 1208 = 4*p, 604 = -35*c + 36*c - 5*p. Let f = -576 + c. List the prime factors of f.
2, 7
List the prime factors of (1 + 10 - (-13716484)/306) + 1/(-9).
2, 11, 1019
Let m = -5040 - -25783. List the prime factors of m.
20743
Let x be 4/(-18) + (-34)/9. What are the prime factors of (5/20 - 1) + (-947)/x?
2, 59
Suppose 3*l = 5*r - 2*l + 2540, 5*l + 25 = 0. Let v = 731 + r. What are the prime factors of v?
2, 109
Suppose 0 = -2*h + 2 + 8. Suppose 2*m + 2*m = 4*u + 604, h*m - 735 = u. Suppose -d + m = -109. What are the prime factors of d?
3, 5, 17
Let t(u) = 36*u - 4. Let y be t(-1). Let w be (-96)/((3/y)/((-60)/25)). What are the prime factors of (-2)/(-10) - (w/(-30))/(-8)?
13
What are the prime factors of (501*(-52)/(-3))/(-2 + 4)?
2, 13, 167
Suppose 39*i - 48*i = 86*i - 1359735. List the prime factors of i.
3, 13, 367
Let g be 4/32 + -3*18351/(-216). Let j = 2 - 2. Suppose 0 = -j*w + 5*w - g. List the prime factors of w.
3, 17
Suppose -800120 = -50*z + 286130. What are the prime factors of z?
5, 11, 79
Suppose 0 = -5*r + 9*r - 20. Let k be ((-20)/12)/(r/(-15)). What are the prime factors of (k/(-10))/((-4)/32)?
2
Suppose 3*v = 4*s - 17, -3*s = 5*v - 11 - 9. Suppose -x + 461 = -2*q, s*q + 1459 = 4*x - 382. What are the prime factors of x?
3, 17
Let g(b) = -b**3 - b**2 + 64*b - 6. Let s be g(7). Suppose 0 = 45*y - s*y + 1620. What are the prime factors of y?
2, 3
Let u(x) be the first derivative of 2*x**3/3 + 5*x**2/2 - 20*x - 26. Let f = 22 + -33. What are the prime factors of u(f)?
167
Let n = -5782 - -11413. List the prime factors of n.
3, 1877
Suppose -429 = -32*h - 7*h. Suppose 5956 - 1699 = h*x. List the prime factors of x.
3, 43
Suppose d = 3*u + 10, 4*d = 3*d + 4. List the prime factors of u/3 + -6*1140/(-54).
2, 3, 7
Suppose 5*t - 12*t - 21 = 0. Let y be (t - -6)/(3/(-2)). List the prime factors of (y/(4/3))/((-1)/86).
3, 43
Let l be (-36)/(-4) + -3 + 2. Let f = -578 - -580. Suppose l = r - f. What are the prime factors of r?
2, 5
Suppose -6238 = -3*t - 5*r + 2114, -2*t - 2*r = -5568. What are the prime factors of t?
2, 3, 29
Let j be (-89608)/(-161) - (-6)/14. Suppose -2*x - r + j = 0, -4*x + r = -9*x + 1388. What are the prime factors of x?
277
Let n = 15 - 9. Let t(f) = f**3 - 11*f**2 + 12*f - 11. Let a(g) = g**2 - g + 2. Let v(j) = 4*a(j) + t(j). What are the prime factors of v(n)?
3
Let u = 185 + -183. Suppose 198 = 3*g + u*o, -2*g + 131 + 1 = o. What are the prime factors of g?
2, 3, 11
Let x be (((-1026)/5)/(-3))/(16/880). Suppose 6*s - x - 744 = 0. List the prime factors of s.
751
Let w be ((-9)/(-12))/((-2)/(-8)). List the prime factors of 293/3 - w - (-4)/(-6).
2, 47
Suppose 4*b - 64 = -2*l + 92, -3*b = -5*l - 130. Suppose 37*q = b*q - 36. Suppose p - q = -3*z, -5*p + 8 = 5*z - 2. What are the prime factors of z?
5
What are the prime factors of 31889/(-143)*24*-1?
2, 3, 223
Let v = -86025 + 146285. What are the prime factors of v?
2, 5, 23, 131
Let g(n) = -n**3 - 16*n**2 - 22*n + 75. Let v be 18*-1 - (-1 - -1). What are the prime factors of g(v)?
3, 373
Let t(k) = -235*k**2 + k. Let f be t(2). Let u = f + 1358. List the prime factors of u.
2, 3, 5, 7
Let x(w) = 2*w**2 + 6*w + 5. Let a be x(-7). Suppose a = j - 91. Suppose 0 = 5*r - j + 12. List the prime factors of r.
2, 7
List the prime factors of (-20396)/(((-4)/12)/(7/21)).
2, 5099
Let q(k) be the third derivative of -k**6/120 + 201*k**3/2 - 25*k**2. Let u be q(0). List the prime factors of (-15)/20 - (u/(-4) + -1).
151
Let w(t) = -t**3 - 16*t**2 + t + 18. Let q be w(-16). Suppose 3*a - 6*d + 40 = -8*d, 0 = q*d + 4. What are the prime factors of a/42 - (-1 + 2230/(-14))?
2, 5
Let x(h) = -95*h + 69. Let m(u) = 63*u - 46. Let s be (3 - 1)*(-3)/(-6)*-7. Let j(i) = s*m(i) - 5*x(i). List the prime factors of j(4).
113
Suppose 2*c = 6*c - 3*n + 47, -33 = c - 5*n. Let q(s) = -32*s. List the prime factors of q(c).
2
Suppose -p + 2884 = 5*a - 3542, 5*a = p + 6434. What are the prime factors of a?
2, 643
Let v(f) = -21*f**3 - 6*f**2 + 26*f + 120. What are the prime factors of v(-4)?
2, 79
Let k = 343 - 172. Let b(x) = -x**3 - 9*x**2 - x + 1. Let d be b(-9). Let w = k + d. What are the prime factors of w?
181
Let u(l) = -60*l - 7. Let g(h) = -59*h - 7. Let y(c) = -3*g(c) + 2*u(c). List the prime factors of y(13).
2, 11, 17
Let i be 7 + 15/10*(-8)/12. List the prime factors of -5 + -650*(-3)/i.
2, 5
Suppose 9*u - 3*r = 5*u + 3121, 4*r = 2*u - 1558. What are the prime factors of 959139/u - 2/22?
2, 307
Suppose -5*m + 35 = 5*q, 2*q - m + 2 = 10. Suppose -3*h + 0*h + 1058 = 2*i, -1795 = -q*h + 3*i. List the prime factors of h.
2, 89
Suppose -5370*f - 27236 = -5381*f. List the prime factors of f.
2, 619
Let t be (-13560)/(-14) - (-9)/21. Let c = t + -380. What are the prime factors of c?
19, 31
Suppose 5 = o, 81 - 13 = -j - 3*o. Suppose -3*m = 3*c - 2*m - 451, -149 = -c - m. Let b = c + j. List the prime factors of b.
2, 17
Let r be ((11 - 7) + -1)*(-4)/3. Let f be (-7 - 26/r) + 242/4. Suppose -85 = -t + f. List the prime factors of t.
5, 29
Let z be ((1 - 6)/(-5))/((-6)/(-24)). Suppose -z*c + 6*u + 6602 = u, -u + 3308 = 2*c. List the prime factors of c.
3, 19, 29
Suppose 3*s + 14639 = -3*t + 60629, -t - 76620 = -5*s. What are the prime factors of s?
5, 613
Suppose 19*c - 5*c + 54754 = 0. What are the prime factors of c/(-4) + -2 - 5/(-4)?
977
Suppose 4*t = -5*a + 2068, 4*a = -5*t + 2015 + 579. Let x = -6 + t. List the prime factors of x.
2, 3, 43
Let v(w) = -18096*w**3 - 22*w**2 - 24*w - 2. What are the prime factors of v(-1)?
2, 3, 13, 29
Suppose -15328777 = 104*u - 600*u + 1686007. What are the prime factors of u?
2, 67
Let j(b) = 37*b**3 + 2*b**2 + b - 1. Let z be j(3). Let k = z + -3604. List the prime factors of 1 - ((-2)/(-9) + k/9).
2, 3
What are the prime factors of 27*((-6)/(-8) + (-25896)/(-32) + 11)?
3, 821
Let m(g) = 2*g**2 + 4*g + 3. Let i be m(4). Suppose -49 + i = -q. List the prime factors of 3/(-18)*-381*(-4)/q.
127
Let s be ((-22)/(-11))/(4/(-26)). Let r(h) = -51*h - 14. What are the prime factors of r(s)?
11, 59
Suppose 15837 = 3*q + 3*o, 15839 = -260*q + 263*q + 4*o. What are the prime factors of q?
3, 1759
Let z(q) = 106*q - 19. Let k(x) = 27*x - 5. Let m(l) = 9*k(l) - 2*z(l). What are the prime factors of m(7)?
2, 3, 5, 7
Let n(u) = 25*u**3 + 6*u**2 - 6*u + 7. What are the prime factors of n(4)?
23, 73
Suppose 0*b - 7 = -7*b. Let n be -1 - ((-2 - 223) + b). Suppose -2*r = j - n, 4*j + 0*j + 428 = 4*r. What are the prime factors of r?
2, 5, 11
Let w(h) = h**3 - h**2 - 25*h - 15. What are the prime factors of w(11)?
2, 5, 23
Let q be (4/3)/2 + 2608/48. Let w = 152 + q. Suppose 186 = 3*x - w. What are the prime factors of x?
131
Suppose a - 954774 = -83*a - 189114. List the prime factors of a.
5, 1823
Let h(o) = 266*o**2 + o + 2. Let f be h(-1). Suppose -4*d = -z - f, 4*d - 168